87 and 54432?
63
What is the greatest common divisor of 1012 and 1361338?
22
What is the greatest common divisor of 1160 and 133253144?
232
Calculate the highest common divisor of 702 and 64697373.
351
Calculate the greatest common divisor of 52 and 244498202.
26
What is the highest common divisor of 2567 and 2577930286?
2567
What is the greatest common divisor of 1860 and 725080?
20
What is the greatest common divisor of 1990 and 8360?
10
What is the greatest common divisor of 520 and 585807755?
65
Calculate the highest common divisor of 93422057 and 3911.
3911
Calculate the highest common factor of 2425338 and 36.
18
Calculate the highest common divisor of 6220966 and 2148.
358
Calculate the greatest common divisor of 5511792 and 287328.
3504
Calculate the highest common factor of 13324528 and 614628.
7588
Calculate the greatest common divisor of 441 and 735003.
9
What is the greatest common divisor of 11635932 and 6?
6
Calculate the highest common divisor of 301088 and 148604.
388
Calculate the highest common divisor of 4 and 3384118.
2
Calculate the highest common divisor of 129456 and 1668141.
279
Calculate the greatest common divisor of 370799 and 734019.
143
Calculate the greatest common factor of 6429148 and 36.
4
Calculate the highest common factor of 1210626 and 6996.
318
What is the greatest common factor of 3625776 and 1320?
264
What is the highest common factor of 94400 and 31877936?
944
Calculate the greatest common factor of 90 and 271182105.
45
Calculate the greatest common factor of 419799186 and 10962.
1566
Calculate the highest common factor of 614565 and 7729862.
13657
Calculate the highest common factor of 407578273 and 454.
227
Calculate the greatest common factor of 134260921 and 43.
43
Calculate the greatest common divisor of 270 and 23824620.
90
What is the highest common divisor of 83752 and 61164952?
2888
What is the greatest common factor of 93292778 and 3214?
3214
Calculate the greatest common divisor of 1113 and 1427279.
7
What is the highest common factor of 708354 and 1426?
46
Calculate the highest common divisor of 6100 and 8568900.
100
What is the highest common divisor of 3025 and 1786350?
25
What is the greatest common divisor of 10493 and 117?
1
What is the highest common factor of 325 and 403932035?
65
Calculate the greatest common factor of 281148013 and 134.
67
What is the greatest common factor of 70755 and 571605?
795
Calculate the greatest common factor of 3000 and 136631000.
1000
Calculate the highest common factor of 229973196 and 71588.
6508
What is the greatest common factor of 22842 and 1010030?
94
What is the highest common divisor of 34112 and 47216?
208
What is the highest common factor of 58208 and 11492?
68
Calculate the greatest common factor of 38514 and 7630.
14
Calculate the highest common factor of 218 and 164224.
2
Calculate the highest common divisor of 196888356 and 4032.
252
What is the highest common divisor of 17472 and 111710144?
5824
What is the highest common factor of 867 and 6796311?
51
What is the greatest common divisor of 24908 and 599404?
52
What is the highest common divisor of 10943043 and 1206?
201
What is the greatest common factor of 1962277 and 245618?
127
Calculate the greatest common factor of 1234708560 and 120.
120
What is the highest common divisor of 105640 and 3372120?
760
What is the greatest common divisor of 104076 and 4194?
18
What is the greatest common divisor of 3696 and 7183?
11
Calculate the highest common factor of 6342 and 6286.
14
What is the greatest common divisor of 6744 and 33444339?
843
Calculate the greatest common divisor of 1701875 and 64225.
175
Calculate the highest common factor of 45096 and 17016.
24
Calculate the greatest common factor of 1725 and 73692.
69
Calculate the highest common divisor of 8595 and 6316752.
573
What is the highest common factor of 748 and 32531234?
34
What is the greatest common factor of 228112 and 15600656?
848
Calculate the greatest common factor of 4738560 and 620702.
1234
Calculate the highest common divisor of 394623825 and 855.
285
What is the highest common divisor of 1238 and 2310727?
619
What is the highest common divisor of 6650 and 20942180?
1330
What is the greatest common factor of 7553 and 240877?
91
Calculate the greatest common divisor of 521 and 230704531.
521
Calculate the greatest common divisor of 779289110 and 1770.
590
What is the greatest common divisor of 12587 and 480479?
41
What is the highest common factor of 1951283 and 10056?
419
What is the highest common divisor of 1099605 and 30?
15
Calculate the highest common factor of 1722 and 16659612.
246
What is the greatest common divisor of 428 and 336916?
4
Calculate the highest common factor of 18 and 7214334.
6
What is the greatest common factor of 8 and 4101491?
1
Calculate the highest common factor of 248167390 and 6265.
895
Calculate the highest common factor of 43850484 and 164.
164
Calculate the highest common factor of 166 and 1766234.
2
Calculate the greatest common divisor of 630315300 and 250.
50
Calculate the highest common factor of 39250 and 97000.
250
What is the highest common divisor of 2588229 and 609?
21
Calculate the greatest common factor of 42786513 and 957.
957
What is the greatest common factor of 35746793 and 123?
41
What is the greatest common factor of 700021 and 91?
7
What is the highest common divisor of 4355890 and 7350?
70
What is the highest common divisor of 9 and 21525696?
9
What is the highest common factor of 128 and 15938128?
16
Calculate the greatest common divisor of 19097172 and 159.
159
Calculate the highest common divisor of 445696 and 11264.
256
Calculate the highest common factor of 41482 and 62608.
14
Calculate the greatest common divisor of 13 and 66439607.
13
Calculate the greatest common factor of 6660 and 3665331.
333
What is the highest common factor of 1300 and 248389180?
260
What is the highest common factor of 667641 and 8449?
17
Calculate the highest common factor of 690 and 1009102.
46
Calculate the highest common divisor of 187253 and 441815.
319
Calculate the greatest common divisor of 13183773 and 465.
93
What is the greatest common factor of 31 and 455906677?
31
What is the greatest common divisor of 321924 and 27939?
417
What is the highest common factor of 1696 and 5906144?
32
What is the highest common factor of 72 and 453290868?
36
Calculate the highest common factor of 150 and 2732550.
150
Calculate the greatest common factor of 1327730955 and 2895.
2895
What is the greatest common factor of 6394138 and 690?
46
What is the greatest common factor of 41914 and 16454554?
2206
Calculate the greatest common divisor of 24228751 and 818.
409
Calculate the greatest common divisor of 10336 and 2492192.
608
Calculate the greatest common factor of 4396 and 1109759.
7
What is the highest common divisor of 552329 and 275567?
239
What is the greatest common factor of 138040 and 149785?
145
What is the greatest common factor of 168041 and 51614?
197
Calculate the highest common divisor of 35 and 26900020.
35
Calculate the highest common factor of 153329687 and 42.
7
What is the highest common factor of 73327170 and 63?
21
What is the highest common factor of 1859461 and 4606?
47
Calculate the greatest common factor of 37443536 and 64.
16
Calculate the greatest common divisor of 269312 and 592276.
1052
What is the greatest common factor of 1427119 and 22504?
29
Calculate the highest common factor of 12690307 and 1498.
749
Calculate the greatest common factor of 29561 and 4548171.
4223
Calculate the highest common divisor of 92 and 48460747.
23
Calculate the greatest common divisor of 518 and 6788094.
74
Calculate the greatest common divisor of 49168896 and 3408.
48
Calculate the highest common divisor of 1601 and 124578613.
1601
Calculate the highest common factor of 72 and 15248820.
12
What is the greatest common factor of 467058 and 2856?
102
What is the greatest common factor of 3156 and 4038948?
12
What is the highest common factor of 200 and 3243950?
50
What is the greatest common factor of 272036360 and 280?
40
What is the highest common divisor of 107061 and 162306?
381
What is the highest common factor of 976810 and 406890?
1370
Calculate the highest common divisor of 1290354 